{"id":801,"date":"2023-03-20T12:25:39","date_gmt":"2023-03-20T15:25:39","guid":{"rendered":"https:\/\/colegioeucaristicolaplata.edu.ar\/?page_id=801"},"modified":"2023-07-17T17:39:20","modified_gmt":"2023-07-17T20:39:20","slug":"contacto","status":"publish","type":"page","link":"https:\/\/colegioeucaristicolaplata.edu.ar\/index.php\/contacto\/","title":{"rendered":"Contacto"},"content":{"rendered":"\n<section id=\"wp-block-themeisle-blocks-advanced-columns-e7931e5c\" class=\"wp-block-themeisle-blocks-advanced-columns alignfull has-1-columns has-desktop-equal-layout has-tablet-equal-layout has-mobile-collapsedRows-layout has-vertical-top\"><div class=\"wp-block-themeisle-blocks-advanced-columns-overlay\"><\/div><div class=\"innerblocks-wrap\">\n<div id=\"wp-block-themeisle-blocks-advanced-column-49224624\" class=\"wp-block-themeisle-blocks-advanced-column\">\n<p id=\"wp-block-themeisle-blocks-advanced-heading-767c458c\" class=\"wp-block-themeisle-blocks-advanced-heading wp-block-themeisle-blocks-advanced-heading-767c458c\">Puedes acercarte a la instituci\u00f3n en el horario indicado o contactarnos a trav\u00e9s de nuestro correo o redes sociales. Para solicitar una inscripci\u00f3n visita la secci\u00f3n <strong>Inscripciones<\/strong>.<\/p>\n\n\n\n<hr class=\"wp-block-separator has-alpha-channel-opacity\"\/>\n\n\n\n<div style=\"height:20px\" aria-hidden=\"true\" class=\"wp-block-spacer\"><\/div>\n\n\n\n<div class=\"wp-block-columns is-layout-flex wp-container-3\">\n<div class=\"wp-block-column is-layout-flow\">\n<div id=\"wp-block-themeisle-blocks-icon-list-2087a4d7\" class=\"wp-block-themeisle-blocks-icon-list\">\n<div id=\"wp-block-themeisle-blocks-icon-list-item-79e75559\" class=\"wp-block-themeisle-blocks-icon-list-item\"><i class=\"fas fa-map-marked wp-block-themeisle-blocks-icon-list-item-icon\"><\/i><p class=\"wp-block-themeisle-blocks-icon-list-item-content\">Diagonal 78 N\u00b0 459 1900 La Plata, Argentina<\/p><\/div>\n\n\n\n<div id=\"wp-block-themeisle-blocks-icon-list-item-7cfef07f\" class=\"wp-block-themeisle-blocks-icon-list-item\"><i class=\"far fa-clock wp-block-themeisle-blocks-icon-list-item-icon\"><\/i><p class=\"wp-block-themeisle-blocks-icon-list-item-content\">8:00 a 18:00 hs.<\/p><\/div>\n\n\n\n<div id=\"wp-block-themeisle-blocks-icon-list-item-26f39f27\" class=\"wp-block-themeisle-blocks-icon-list-item\"><i class=\"fas fa-phone-alt wp-block-themeisle-blocks-icon-list-item-icon\"><\/i><p class=\"wp-block-themeisle-blocks-icon-list-item-content\">221 422 7511<\/p><\/div>\n\n\n\n<div id=\"wp-block-themeisle-blocks-icon-list-item-91d0d16e\" class=\"wp-block-themeisle-blocks-icon-list-item\"><i class=\"fab fa-facebook wp-block-themeisle-blocks-icon-list-item-icon\"><\/i><p class=\"wp-block-themeisle-blocks-icon-list-item-content\"><a href=\"https:\/\/www.facebook.com\/colegioeucaristicolp\/?locale=es_LA\">Colegio Coraz\u00f3n Eucar\u00edstico de Jes\u00fas<\/a><\/p><\/div>\n\n\n\n<div id=\"wp-block-themeisle-blocks-icon-list-item-7a5c3319\" class=\"wp-block-themeisle-blocks-icon-list-item\"><i class=\"fab fa-instagram wp-block-themeisle-blocks-icon-list-item-icon\"><\/i><p class=\"wp-block-themeisle-blocks-icon-list-item-content\"><a href=\"https:\/\/www.instagram.com\/colegio.eucaristico\/?hl=en\">@colegio.eucaristico<\/a><\/p><\/div>\n<\/div>\n\n\n\n<div style=\"height:50px\" aria-hidden=\"true\" class=\"wp-block-spacer\"><\/div>\n\n\n\n<p class=\"parrafo_nivel\" style=\"font-size:16px\"><strong>Nivel inicial:<\/strong><\/p>\n\n\n\n<div id=\"wp-block-themeisle-blocks-icon-list-530ce9f4\" class=\"wp-block-themeisle-blocks-icon-list\">\n<div id=\"wp-block-themeisle-blocks-icon-list-item-3a042e91\" class=\"wp-block-themeisle-blocks-icon-list-item\"><i class=\"far fa-envelope wp-block-themeisle-blocks-icon-list-item-icon\"><\/i><p class=\"wp-block-themeisle-blocks-icon-list-item-content\"><a href=\"mailto:secretaria.inicial@colegioeucaristicolaplata.edu.ar\">secretaria.inicial@colegioeucaristicolaplata.edu.ar<\/a><\/p><\/div>\n<\/div>\n\n\n\n<div style=\"height:20px\" aria-hidden=\"true\" class=\"wp-block-spacer\"><\/div>\n\n\n\n<p class=\"parrafo_nivel\" style=\"font-size:16px\"><strong>Nivel primario:<\/strong><\/p>\n\n\n\n<div id=\"wp-block-themeisle-blocks-icon-list-7570cd3a\" class=\"wp-block-themeisle-blocks-icon-list\">\n<div id=\"wp-block-themeisle-blocks-icon-list-item-8cd5cc62\" class=\"wp-block-themeisle-blocks-icon-list-item\"><i class=\"far fa-envelope wp-block-themeisle-blocks-icon-list-item-icon\"><\/i><p class=\"wp-block-themeisle-blocks-icon-list-item-content\"><a href=\"mailto:secretaria.inicial@colegioeucaristicolaplata.edu.ar\">secretaria.primario@colegioeucaristicolaplata.edu.ar<\/a><\/p><\/div>\n<\/div>\n\n\n\n<div style=\"height:20px\" aria-hidden=\"true\" class=\"wp-block-spacer\"><\/div>\n\n\n\n<p class=\"parrafo_nivel\" style=\"font-size:16px\"><strong>Nivel secundario:<\/strong><\/p>\n\n\n\n<div id=\"wp-block-themeisle-blocks-icon-list-ca3fb681\" class=\"wp-block-themeisle-blocks-icon-list\">\n<div id=\"wp-block-themeisle-blocks-icon-list-item-82b83ec9\" class=\"wp-block-themeisle-blocks-icon-list-item\"><i class=\"far fa-envelope wp-block-themeisle-blocks-icon-list-item-icon\"><\/i><p class=\"wp-block-themeisle-blocks-icon-list-item-content\"><a href=\"mailto:secretaria.inicial@colegioeucaristicolaplata.edu.ar\">secretaria.secundario@colegioeucaristicolaplata.edu.ar<\/a><\/p><\/div>\n<\/div>\n<\/div>\n\n\n\n<div class=\"wp-block-column is-layout-flow\"><div style=\"height:400pxpx;\" class=\"wp-block-themeisle-blocks-leaflet-map\" id=\"wp-block-themeisle-blocks-leaflet-map-ffb91887\"><\/div>\n<script type=\"text\/javascript\">\n\t\/* <![CDATA[ *\/\n\t\tif ( ! window.themeisleLeafletMaps ) window.themeisleLeafletMaps =[];\n\t\twindow.themeisleLeafletMaps.push( { container: \"wp-block-themeisle-blocks-leaflet-map-ffb91887\", attributes: {\"id\":\"wp-block-themeisle-blocks-leaflet-map-ffb91887\",\"location\":\"Colegio Eucar\\u00edstico de Jesus\",\"latitude\":\"-34.92073945805572\",\"longitude\":\"-57.939941883087165\",\"bbox\":\"-57.95129299163819,-34.927776798290914,-57.92859077453614,-34.913701514317914\",\"zoom\":15,\"markers\":[{\"id\":\"ef569bf8-f5c1-491e-842f-864601a6693d\",\"latitude\":-34.91838595,\"longitude\":-57.94183693729166,\"title\":\"Colegio Coraz\\u00f3n Eucar\\u00edstico de Jes\\u00fas\",\"description\":\"\",\"location\":\"Colegio Coraz\\u00f3n Eucar\\u00edstico de Jes\\u00fas\"}],\"height\":\"400px\",\"zoomControl\":true,\"draggable\":true,\"hasCustomCSS\":false,\"customCSS\":\"\",\"otterConditions\":[]} } );\n\t\/* ]]> *\/\n<\/script>\n<\/div>\n<\/div>\n\n\n\n<hr class=\"wp-block-separator has-alpha-channel-opacity\"\/>\n\n\n\n<p><strong>Sumate a nuestro Equipo de Educadores<\/strong><\/p>\n\n\n\n<p>Si desea formar parte de nuestro Equipo de Docentes de Nivel Inicial, Primario y Secundario, env\u00ede su CV al correo <a rel=\"noreferrer noopener\" href=\"mailto:curriculums@colegioeucaristicolaplata.edu.ar\" target=\"_blank\">curriculums@colegioeucaristicolaplata.edu.ar<\/a>  y como asunto coloque el Nivel al que desea sumarse junto con su t\u00edtulo habilitante.<\/p>\n<\/div>\n<\/div><\/section>\n","protected":false},"excerpt":{"rendered":"","protected":false},"author":1,"featured_media":0,"parent":0,"menu_order":0,"comment_status":"closed","ping_status":"closed","template":"page-templates\/template-pagebuilder-full-width.php","meta":{"_eb_attr":"","neve_meta_sidebar":"","neve_meta_container":"","neve_meta_enable_content_width":"","neve_meta_content_width":0,"neve_meta_title_alignment":"","neve_meta_author_avatar":"","neve_post_elements_order":"","neve_meta_disable_header":"","neve_meta_disable_footer":"","neve_meta_disable_title":"","neve_meta_reading_time":"","_themeisle_gutenberg_block_has_review":false,"_ti_tpc_template_sync":false,"_ti_tpc_template_id":""},"_links":{"self":[{"href":"https:\/\/colegioeucaristicolaplata.edu.ar\/index.php\/wp-json\/wp\/v2\/pages\/801"}],"collection":[{"href":"https:\/\/colegioeucaristicolaplata.edu.ar\/index.php\/wp-json\/wp\/v2\/pages"}],"about":[{"href":"https:\/\/colegioeucaristicolaplata.edu.ar\/index.php\/wp-json\/wp\/v2\/types\/page"}],"author":[{"embeddable":true,"href":"https:\/\/colegioeucaristicolaplata.edu.ar\/index.php\/wp-json\/wp\/v2\/users\/1"}],"replies":[{"embeddable":true,"href":"https:\/\/colegioeucaristicolaplata.edu.ar\/index.php\/wp-json\/wp\/v2\/comments?post=801"}],"version-history":[{"count":30,"href":"https:\/\/colegioeucaristicolaplata.edu.ar\/index.php\/wp-json\/wp\/v2\/pages\/801\/revisions"}],"predecessor-version":[{"id":1624,"href":"https:\/\/colegioeucaristicolaplata.edu.ar\/index.php\/wp-json\/wp\/v2\/pages\/801\/revisions\/1624"}],"wp:attachment":[{"href":"https:\/\/colegioeucaristicolaplata.edu.ar\/index.php\/wp-json\/wp\/v2\/media?parent=801"}],"curies":[{"name":"wp","href":"https:\/\/api.w.org\/{rel}","templated":true}]}}

<section id="wp-block-themeisle-blocks-advanced-columns-e7931e5c" class="wp-block-themeisle-blocks-advanced-columns alignfull has-1-columns has-desktop-equal-layout has-tablet-equal-layout has-mobile-collapsedRows-layout has-vertical-top"><div class="wp-block-themeisle-blocks-advanced-columns-overlay"></div><div class="innerblocks-wrap">
<div id="wp-block-themeisle-blocks-advanced-column-49224624" class="wp-block-themeisle-blocks-advanced-column">
<p id="wp-block-themeisle-blocks-advanced-heading-767c458c" class="wp-block-themeisle-blocks-advanced-heading wp-block-themeisle-blocks-advanced-heading-767c458c">Puedes acercarte a la institución en el horario indicado o contactarnos a través de nuestro correo o redes sociales. Para solicitar una inscripción visita la sección <strong>Inscripciones</strong>.</p>



<hr class="wp-block-separator has-alpha-channel-opacity"/>



<div style="height:20px" aria-hidden="true" class="wp-block-spacer"></div>



<div class="wp-block-columns is-layout-flex wp-container-3">
<div class="wp-block-column is-layout-flow">
<div id="wp-block-themeisle-blocks-icon-list-2087a4d7" class="wp-block-themeisle-blocks-icon-list">
<div id="wp-block-themeisle-blocks-icon-list-item-79e75559" class="wp-block-themeisle-blocks-icon-list-item"><i class="fas fa-map-marked wp-block-themeisle-blocks-icon-list-item-icon"></i><p class="wp-block-themeisle-blocks-icon-list-item-content">Diagonal 78 N° 459 1900 La Plata, Argentina</p></div>



<div id="wp-block-themeisle-blocks-icon-list-item-7cfef07f" class="wp-block-themeisle-blocks-icon-list-item"><i class="far fa-clock wp-block-themeisle-blocks-icon-list-item-icon"></i><p class="wp-block-themeisle-blocks-icon-list-item-content">8:00 a 18:00 hs.</p></div>



<div id="wp-block-themeisle-blocks-icon-list-item-26f39f27" class="wp-block-themeisle-blocks-icon-list-item"><i class="fas fa-phone-alt wp-block-themeisle-blocks-icon-list-item-icon"></i><p class="wp-block-themeisle-blocks-icon-list-item-content">221 422 7511</p></div>



<div id="wp-block-themeisle-blocks-icon-list-item-91d0d16e" class="wp-block-themeisle-blocks-icon-list-item"><i class="fab fa-facebook wp-block-themeisle-blocks-icon-list-item-icon"></i><p class="wp-block-themeisle-blocks-icon-list-item-content"><a href="https://www.facebook.com/colegioeucaristicolp/?locale=es_LA">Colegio Corazón Eucarístico de Jesús</a></p></div>



<div id="wp-block-themeisle-blocks-icon-list-item-7a5c3319" class="wp-block-themeisle-blocks-icon-list-item"><i class="fab fa-instagram wp-block-themeisle-blocks-icon-list-item-icon"></i><p class="wp-block-themeisle-blocks-icon-list-item-content"><a href="https://www.instagram.com/colegio.eucaristico/?hl=en">@colegio.eucaristico</a></p></div>
</div>



<div style="height:50px" aria-hidden="true" class="wp-block-spacer"></div>



<p class="parrafo_nivel" style="font-size:16px"><strong>Nivel inicial:</strong></p>



<div id="wp-block-themeisle-blocks-icon-list-530ce9f4" class="wp-block-themeisle-blocks-icon-list">
<div id="wp-block-themeisle-blocks-icon-list-item-3a042e91" class="wp-block-themeisle-blocks-icon-list-item"><i class="far fa-envelope wp-block-themeisle-blocks-icon-list-item-icon"></i><p class="wp-block-themeisle-blocks-icon-list-item-content"><a href="mailto:secretaria.inicial@colegioeucaristicolaplata.edu.ar">secretaria.inicial@colegioeucaristicolaplata.edu.ar</a></p></div>
</div>



<div style="height:20px" aria-hidden="true" class="wp-block-spacer"></div>



<p class="parrafo_nivel" style="font-size:16px"><strong>Nivel primario:</strong></p>



<div id="wp-block-themeisle-blocks-icon-list-7570cd3a" class="wp-block-themeisle-blocks-icon-list">
<div id="wp-block-themeisle-blocks-icon-list-item-8cd5cc62" class="wp-block-themeisle-blocks-icon-list-item"><i class="far fa-envelope wp-block-themeisle-blocks-icon-list-item-icon"></i><p class="wp-block-themeisle-blocks-icon-list-item-content"><a href="mailto:secretaria.inicial@colegioeucaristicolaplata.edu.ar">secretaria.primario@colegioeucaristicolaplata.edu.ar</a></p></div>
</div>



<div style="height:20px" aria-hidden="true" class="wp-block-spacer"></div>



<p class="parrafo_nivel" style="font-size:16px"><strong>Nivel secundario:</strong></p>



<div id="wp-block-themeisle-blocks-icon-list-ca3fb681" class="wp-block-themeisle-blocks-icon-list">
<div id="wp-block-themeisle-blocks-icon-list-item-82b83ec9" class="wp-block-themeisle-blocks-icon-list-item"><i class="far fa-envelope wp-block-themeisle-blocks-icon-list-item-icon"></i><p class="wp-block-themeisle-blocks-icon-list-item-content"><a href="mailto:secretaria.inicial@colegioeucaristicolaplata.edu.ar">secretaria.secundario@colegioeucaristicolaplata.edu.ar</a></p></div>
</div>
</div>



<div class="wp-block-column is-layout-flow"><div style="height:400pxpx;" class="wp-block-themeisle-blocks-leaflet-map" id="wp-block-themeisle-blocks-leaflet-map-ffb91887"></div>
<script type="text/javascript">
	/* <![CDATA[ */
		if ( ! window.themeisleLeafletMaps ) window.themeisleLeafletMaps =[];
		window.themeisleLeafletMaps.push( { container: "wp-block-themeisle-blocks-leaflet-map-ffb91887", attributes: {"id":"wp-block-themeisle-blocks-leaflet-map-ffb91887","location":"Colegio Eucar\u00edstico de Jesus","latitude":"-34.92073945805572","longitude":"-57.939941883087165","bbox":"-57.95129299163819,-34.927776798290914,-57.92859077453614,-34.913701514317914","zoom":15,"markers":[{"id":"ef569bf8-f5c1-491e-842f-864601a6693d","latitude":-34.91838595,"longitude":-57.94183693729166,"title":"Colegio Coraz\u00f3n Eucar\u00edstico de Jes\u00fas","description":"","location":"Colegio Coraz\u00f3n Eucar\u00edstico de Jes\u00fas"}],"height":"400px","zoomControl":true,"draggable":true,"hasCustomCSS":false,"customCSS":"","otterConditions":[]} } );
	/* ]]> */
</script>
</div>
</div>



<hr class="wp-block-separator has-alpha-channel-opacity"/>



<p><strong>Sumate a nuestro Equipo de Educadores</strong></p>



<p>Si desea formar parte de nuestro Equipo de Docentes de Nivel Inicial, Primario y Secundario, envíe su CV al correo <a rel="noreferrer noopener" href="mailto:curriculums@colegioeucaristicolaplata.edu.ar" target="_blank">curriculums@colegioeucaristicolaplata.edu.ar</a>  y como asunto coloque el Nivel al que desea sumarse junto con su título habilitante.</p>
</div>
</div></section>
