{"id":486,"date":"2022-12-21T14:28:41","date_gmt":"2022-12-21T17:28:41","guid":{"rendered":"https:\/\/colegioeucaristicolaplata.edu.ar\/?page_id=486"},"modified":"2023-07-18T13:36:10","modified_gmt":"2023-07-18T16:36:10","slug":"ideario","status":"publish","type":"page","link":"https:\/\/colegioeucaristicolaplata.edu.ar\/index.php\/ideario\/","title":{"rendered":"Ideario"},"content":{"rendered":"\n<section id=\"wp-block-themeisle-blocks-advanced-columns-2519d191\" class=\"wp-block-themeisle-blocks-advanced-columns alignfull has-1-columns has-desktop-equal-layout has-tablet-collapsedRows-layout has-mobile-collapsedRows-layout has-vertical-top ticss-87bd2846\"><div class=\"wp-block-themeisle-blocks-advanced-columns-overlay\"><\/div><div class=\"innerblocks-wrap\">\n<div id=\"wp-block-themeisle-blocks-advanced-column-c013a56f\" class=\"wp-block-themeisle-blocks-advanced-column\">\n<div id=\"wp-block-themeisle-blocks-advanced-columns-3e6311bc\" class=\"wp-block-themeisle-blocks-advanced-columns has-2-columns has-desktop-equal-layout has-tablet-equal-layout hide-in-mobile has-vertical-unset\"><div class=\"wp-block-themeisle-blocks-advanced-columns-overlay\"><\/div><div class=\"innerblocks-wrap\">\n<div id=\"wp-block-themeisle-blocks-advanced-column-7f835981\" class=\"wp-block-themeisle-blocks-advanced-column\">\n<lottie-player trigger=\"none\" id=\"wp-block-themeisle-blocks-lottie-c5d9f5a9\" src=\"http:\/\/colegioeucaristicolaplata.edu.ar\/wp-content\/uploads\/2023\/04\/5536-document-file-1.json\" width=\"80%\" class=\"wp-block-themeisle-blocks-lottie aligncenter\" autoplay loop count=\"0\" speed=\"1\" direction=\"1\" data-loop=\"true\" mode=\"normal\"><\/lottie-player>\n<\/div>\n\n\n\n<div id=\"wp-block-themeisle-blocks-advanced-column-1dd1b0b8\" class=\"wp-block-themeisle-blocks-advanced-column\">\n<h2 class=\"has-text-align-left has-neve-text-color-color has-text-color wp-block-heading\">Historia<\/h2>\n<\/div>\n<\/div><\/div>\n\n\n\n<div id=\"wp-block-themeisle-blocks-advanced-columns-2e1c9e18\" class=\"wp-block-themeisle-blocks-advanced-columns has-2-columns has-mobile-collapsedRows-layout hide-in-desktop hide-in-tablet has-vertical-unset\"><div class=\"wp-block-themeisle-blocks-advanced-columns-overlay\"><\/div><div class=\"innerblocks-wrap\">\n<div id=\"wp-block-themeisle-blocks-advanced-column-0d56c0e2\" class=\"wp-block-themeisle-blocks-advanced-column\">\n<lottie-player trigger=\"none\" id=\"wp-block-themeisle-blocks-lottie-61d5af88\" src=\"http:\/\/colegioeucaristicolaplata.edu.ar\/wp-content\/uploads\/2023\/04\/5536-document-file-1.json\" width=\"32%\" class=\"wp-block-themeisle-blocks-lottie aligncenter\" autoplay loop count=\"0\" speed=\"1\" direction=\"1\" data-loop=\"true\" mode=\"normal\"><\/lottie-player>\n<\/div>\n\n\n\n<div id=\"wp-block-themeisle-blocks-advanced-column-e9627305\" class=\"wp-block-themeisle-blocks-advanced-column\">\n<h2 class=\"has-text-align-center has-neve-text-color-color has-text-color wp-block-heading\">Historia<\/h2>\n<\/div>\n<\/div><\/div>\n\n\n\n<p>El 30 de enero de 1932 las Hijas de Jes\u00fas llegaron en el buque \u201cCroix\u201d con destino a Magdalena. La <strong>formaci\u00f3n integral<\/strong> de las personas que acud\u00edan al Colegio, se hizo en base a la acci\u00f3n conjunta y estructurada de la Religi\u00f3n y la Ciencia, con el proyecto del total cultivo de las educandas.<\/p>\n\n\n\n<p>En marzo de 1933 comenzaron su actividad apost\u00f3lica en La Plata que tuvo un r\u00e1pido crecimiento del estudiantado y de las actividades <strong>pedag\u00f3gicas<\/strong> y <strong>pastorales<\/strong>. En septiembre de 1960 las Hijas de Jes\u00fas llegaron a C\u00f3rdoba e inauguraron el Noviciado.<\/p>\n\n\n\n<p>A pedido del Barrio y por intermedio de Monse\u00f1or Angelelli, se les pidi\u00f3 la apertura de una escuela, dada la necesidad de la gente de la zona.<\/p>\n\n\n\n<div id=\"wp-block-themeisle-blocks-advanced-columns-911d5ecb\" class=\"wp-block-themeisle-blocks-advanced-columns has-2-columns has-desktop-equal-layout has-tablet-equal-layout has-mobile-collapsedRows-layout has-vertical-unset\"><div class=\"wp-block-themeisle-blocks-advanced-columns-overlay\"><\/div><div class=\"innerblocks-wrap\">\n<div id=\"wp-block-themeisle-blocks-advanced-column-85f4e588\" class=\"wp-block-themeisle-blocks-advanced-column\">\n<p><\/p>\n\n\n\n<p>En 1968, iniciaron sus actividades en un colegio de Nivel Medio de la ciudad de Monterrico, Jujuy.<\/p>\n\n\n\n<p>Luego de varios a\u00f1os de fundaciones e inauguraciones de m\u00e1s niveles y ampliaci\u00f3n de espacios y matr\u00edculas, en el a\u00f1o 2011 el Colegio Coraz\u00f3n Eucar\u00edstico de Jes\u00fas de La Plata, provincia de Buenos Aires, el Colegio Mater Purissima de la ciudad de C\u00f3rdoba, provincia de C\u00f3rdoba y el Colegio Nuestra Se\u00f1ora de las Mercedes de la ciudad de Monterrico, provincia de Jujuy, pasan a ser parte de la Provincia de Am\u00e9rica Andina, perteneciente a la Congregaci\u00f3n de las Hijas de Jes\u00fas.&nbsp;<\/p>\n<\/div>\n\n\n\n<div id=\"wp-block-themeisle-blocks-advanced-column-f4fc532d\" class=\"wp-block-themeisle-blocks-advanced-column\"><div class=\"wp-block-image\">\n<figure class=\"aligncenter size-full is-resized\"><img decoding=\"async\" loading=\"lazy\" src=\"https:\/\/colegioeucaristicolaplata.edu.ar\/wp-content\/uploads\/2023\/05\/Jujuy.jpg\" alt=\"\" class=\"wp-image-1244\" width=\"481\" height=\"345\" srcset=\"https:\/\/colegioeucaristicolaplata.edu.ar\/wp-content\/uploads\/2023\/05\/Jujuy.jpg 344w, https:\/\/colegioeucaristicolaplata.edu.ar\/wp-content\/uploads\/2023\/05\/Jujuy-300x215.jpg 300w\" sizes=\"(max-width: 481px) 100vw, 481px\" \/><\/figure><\/div><\/div>\n<\/div><\/div>\n\n\n\n<p><\/p>\n\n\n\n<p>Para m\u00e1s informaci\u00f3n pueden visitar el siguiente enlace: <a rel=\"noreferrer noopener\" href=\"http:\/\/www.hijasdejesus.org\" target=\"_blank\">www.hijasdejesus.org<\/a><\/p>\n<\/div>\n<\/div><\/section>\n\n\n\n<div class=\"wp-block-columns is-layout-flex wp-container-3\">\n<div class=\"wp-block-column is-layout-flow\" style=\"flex-basis:100%\">\n<div class=\"wp-block-group alignfull is-layout-constrained\"><div class=\"wp-block-group__inner-container\"><\/div><\/div>\n<\/div>\n<\/div>\n\n\n\n<section id=\"wp-block-themeisle-blocks-advanced-columns-afef064b\" class=\"wp-block-themeisle-blocks-advanced-columns alignfull has-1-columns has-desktop-equal-layout has-tablet-collapsedRows-layout has-mobile-collapsedRows-layout has-vertical-top ticss-a659dd02 has-light-bg\"><div class=\"wp-block-themeisle-blocks-advanced-columns-overlay\"><\/div><div class=\"innerblocks-wrap\">\n<div id=\"wp-block-themeisle-blocks-advanced-column-6a60da26\" class=\"wp-block-themeisle-blocks-advanced-column\">\n<div id=\"wp-block-themeisle-blocks-advanced-columns-b5b3c2a6\" class=\"wp-block-themeisle-blocks-advanced-columns has-2-columns has-desktop-equal-layout has-tablet-equal-layout hide-in-mobile has-vertical-unset\"><div class=\"wp-block-themeisle-blocks-advanced-columns-overlay\"><\/div><div class=\"innerblocks-wrap\">\n<div id=\"wp-block-themeisle-blocks-advanced-column-841f9b4d\" class=\"wp-block-themeisle-blocks-advanced-column\">\n<lottie-player trigger=\"none\" id=\"wp-block-themeisle-blocks-lottie-b82e9da7\" src=\"https:\/\/colegioeucaristicolaplata.edu.ar\/wp-content\/uploads\/2023\/06\/42602-target-goal.json\" width=\"90%\" class=\"wp-block-themeisle-blocks-lottie aligncenter\" autoplay loop count=\"0\" speed=\"1\" direction=\"1\" data-loop=\"true\" mode=\"normal\"><\/lottie-player>\n<\/div>\n\n\n\n<div id=\"wp-block-themeisle-blocks-advanced-column-2b48a226\" class=\"wp-block-themeisle-blocks-advanced-column\">\n<h2 class=\"has-text-align-left has-neve-text-color-color has-text-color wp-block-heading\">Finalidad de la Acci\u00f3n Educativa<\/h2>\n<\/div>\n<\/div><\/div>\n\n\n\n<div id=\"wp-block-themeisle-blocks-advanced-columns-6469e7bb\" class=\"wp-block-themeisle-blocks-advanced-columns has-2-columns has-mobile-collapsedRows-layout hide-in-desktop hide-in-tablet has-vertical-unset\"><div class=\"wp-block-themeisle-blocks-advanced-columns-overlay\"><\/div><div class=\"innerblocks-wrap\">\n<div id=\"wp-block-themeisle-blocks-advanced-column-94087f59\" class=\"wp-block-themeisle-blocks-advanced-column\">\n<lottie-player trigger=\"none\" id=\"wp-block-themeisle-blocks-lottie-59d83e9c\" src=\"https:\/\/colegioeucaristicolaplata.edu.ar\/wp-content\/uploads\/2023\/06\/42602-target-goal-1.json\" width=\"36%\" class=\"wp-block-themeisle-blocks-lottie aligncenter\" autoplay loop count=\"0\" speed=\"1\" direction=\"1\" data-loop=\"true\" mode=\"normal\"><\/lottie-player>\n<\/div>\n\n\n\n<div id=\"wp-block-themeisle-blocks-advanced-column-7065c37e\" class=\"wp-block-themeisle-blocks-advanced-column\">\n<h2 class=\"has-text-align-left has-neve-text-color-color has-text-color wp-block-heading\">Finalidad de la Acci\u00f3n Educativa<\/h2>\n<\/div>\n<\/div><\/div>\n\n\n\n<p>Un Centro Educativo de las Hijas de Jes\u00fas es una comunidad en la que todos sus miembros est\u00e1n integrados en una misi\u00f3n compartida: <em>Evangelizar Educando.<\/em><\/p>\n\n\n\n<p>Evangelizar comprende la pr\u00e1ctica de la <strong>Comunidad Eclesial<\/strong> orientada a la transformaci\u00f3n liberadora del mundo, en conformidad con el Proyecto de un Dios Padre, que se inclina con especial ternura hacia los m\u00e1s peque\u00f1os y que quiere justicia, fraternidad y vida para todos.<\/p>\n\n\n\n<p>Educar es colaborar con el desarrollo de personas capaces de lograr la s\u00edntesis entre fe-cultura y vida, y de comprometerse en la b\u00fasqueda y construcci\u00f3n conjunta de una sociedad alternativa, justa y solidaria.<\/p>\n\n\n\n<p>Un <strong>Centro Educativo de las Hijas de Jes\u00fas<\/strong> \u201cevangeliza educando\u201d y es identificado por los siguientes rasgos:<\/p>\n\n\n\n<ul>\n<li>Desarrollo <strong>integral<\/strong> de la persona.<\/li>\n\n\n\n<li>Experiencia de fe con sentido de <strong>Iglesia<\/strong><\/li>\n\n\n\n<li>Acci\u00f3n educativa <strong>inculturada<\/strong><\/li>\n\n\n\n<li>En clave de \u201c<strong>misi\u00f3n compartida<\/strong>\u201d<\/li>\n<\/ul>\n<\/div>\n<\/div><\/section>\n\n\n\n<section id=\"wp-block-themeisle-blocks-advanced-columns-81c1ee60\" class=\"wp-block-themeisle-blocks-advanced-columns alignfull has-1-columns has-desktop-equal-layout has-tablet-equal-layout has-mobile-equal-layout has-vertical-top\"><div class=\"wp-block-themeisle-blocks-advanced-columns-overlay\"><\/div><div class=\"innerblocks-wrap\">\n<div id=\"wp-block-themeisle-blocks-advanced-column-f2055a64\" class=\"wp-block-themeisle-blocks-advanced-column\"><\/div>\n<\/div><\/section>\n\n\n\n<section id=\"wp-block-themeisle-blocks-advanced-columns-9b8265c2\" class=\"wp-block-themeisle-blocks-advanced-columns alignfull has-1-columns has-desktop-equal-layout has-tablet-collapsedRows-layout has-mobile-collapsedRows-layout has-vertical-top ticss-87bd2846\"><div class=\"wp-block-themeisle-blocks-advanced-columns-overlay\"><\/div><div class=\"innerblocks-wrap\">\n<div id=\"wp-block-themeisle-blocks-advanced-column-36ab5601\" class=\"wp-block-themeisle-blocks-advanced-column\">\n<div id=\"wp-block-themeisle-blocks-advanced-columns-c4498d67\" class=\"wp-block-themeisle-blocks-advanced-columns has-2-columns has-desktop-equal-layout has-tablet-equal-layout hide-in-mobile has-vertical-unset\"><div class=\"wp-block-themeisle-blocks-advanced-columns-overlay\"><\/div><div class=\"innerblocks-wrap\">\n<div id=\"wp-block-themeisle-blocks-advanced-column-688089ca\" class=\"wp-block-themeisle-blocks-advanced-column\">\n<lottie-player trigger=\"none\" id=\"wp-block-themeisle-blocks-lottie-c3718d8c\" src=\"http:\/\/colegioeucaristicolaplata.edu.ar\/wp-content\/uploads\/2023\/04\/90831-mission-direction-and-rotating.json\" width=\"80%\" class=\"wp-block-themeisle-blocks-lottie aligncenter\" autoplay loop count=\"0\" speed=\"0.7\" direction=\"1\" data-loop=\"true\" mode=\"normal\"><\/lottie-player>\n<\/div>\n\n\n\n<div id=\"wp-block-themeisle-blocks-advanced-column-3c114c6b\" class=\"wp-block-themeisle-blocks-advanced-column\">\n<h2 class=\"has-text-align-left has-neve-text-color-color has-text-color wp-block-heading\">Misi\u00f3n<\/h2>\n<\/div>\n<\/div><\/div>\n\n\n\n<div id=\"wp-block-themeisle-blocks-advanced-columns-d1f95fec\" class=\"wp-block-themeisle-blocks-advanced-columns has-2-columns has-mobile-collapsedRows-layout hide-in-desktop hide-in-tablet has-vertical-unset\"><div class=\"wp-block-themeisle-blocks-advanced-columns-overlay\"><\/div><div class=\"innerblocks-wrap\">\n<div id=\"wp-block-themeisle-blocks-advanced-column-227f3a21\" class=\"wp-block-themeisle-blocks-advanced-column\">\n<lottie-player trigger=\"none\" id=\"wp-block-themeisle-blocks-lottie-90462dfc\" src=\"http:\/\/colegioeucaristicolaplata.edu.ar\/wp-content\/uploads\/2023\/04\/90831-mission-direction-and-rotating.json\" width=\"32%\" class=\"wp-block-themeisle-blocks-lottie aligncenter\" autoplay loop count=\"0\" speed=\"0.7\" direction=\"-1\" data-loop=\"true\" mode=\"normal\"><\/lottie-player>\n<\/div>\n\n\n\n<div id=\"wp-block-themeisle-blocks-advanced-column-195b131a\" class=\"wp-block-themeisle-blocks-advanced-column\">\n<h2 class=\"has-text-align-center has-neve-text-color-color has-text-color wp-block-heading\">Misi\u00f3n<\/h2>\n<\/div>\n<\/div><\/div>\n\n\n\n<p>Nuestro Centro Educativo est\u00e1 llamado a colaborar, junto a otros centros de Hijas de Jes\u00fas, en la Misi\u00f3n Universal de la Iglesia a trav\u00e9s de la educaci\u00f3n, tal como se expresa en uno de los documentos congregacionales: <strong>Nuestro Modo Propio de Educar (NMPE)<\/strong>.<\/p>\n\n\n\n<div class=\"wp-block-buttons is-content-justification-right is-layout-flex wp-container-4\">\n<div class=\"wp-block-button\"><a class=\"wp-block-button__link wp-element-button\" href=\"http:\/\/colegioeucaristicolaplata.edu.ar\/wp-content\/uploads\/2023\/07\/NMPE-.pdf\" style=\"border-radius:10px\" target=\"_blank\" rel=\"noreferrer noopener\">Descargar documento<\/a><\/div>\n<\/div>\n<\/div>\n<\/div><\/section>\n\n\n\n<div style=\"height:20px\" aria-hidden=\"true\" class=\"wp-block-spacer\"><\/div>\n\n\n\n<section id=\"wp-block-themeisle-blocks-advanced-columns-de9598af\" class=\"wp-block-themeisle-blocks-advanced-columns alignfull has-1-columns has-desktop-equal-layout has-tablet-collapsedRows-layout has-mobile-collapsedRows-layout has-vertical-top ticss-a659dd02 has-light-bg\"><div class=\"wp-block-themeisle-blocks-advanced-columns-overlay\"><\/div><div class=\"innerblocks-wrap\">\n<div id=\"wp-block-themeisle-blocks-advanced-column-0ce990b1\" class=\"wp-block-themeisle-blocks-advanced-column\">\n<div id=\"wp-block-themeisle-blocks-advanced-columns-8bf2376d\" class=\"wp-block-themeisle-blocks-advanced-columns has-2-columns has-desktop-equal-layout has-tablet-equal-layout hide-in-mobile has-vertical-unset\"><div class=\"wp-block-themeisle-blocks-advanced-columns-overlay\"><\/div><div class=\"innerblocks-wrap\">\n<div id=\"wp-block-themeisle-blocks-advanced-column-2400bc37\" class=\"wp-block-themeisle-blocks-advanced-column\">\n<lottie-player trigger=\"none\" id=\"wp-block-themeisle-blocks-lottie-76dc8628\" src=\"https:\/\/colegioeucaristicolaplata.edu.ar\/wp-content\/uploads\/2023\/06\/Morning-1.json\" width=\"90%\" class=\"wp-block-themeisle-blocks-lottie aligncenter\" autoplay loop count=\"0\" speed=\"1\" direction=\"1\" data-loop=\"true\" mode=\"normal\"><\/lottie-player>\n<\/div>\n\n\n\n<div id=\"wp-block-themeisle-blocks-advanced-column-47fe638e\" class=\"wp-block-themeisle-blocks-advanced-column\">\n<h2 class=\"has-text-align-left has-neve-text-color-color has-text-color wp-block-heading\">Vision<\/h2>\n<\/div>\n<\/div><\/div>\n\n\n\n<div id=\"wp-block-themeisle-blocks-advanced-columns-ec83d8f1\" class=\"wp-block-themeisle-blocks-advanced-columns has-2-columns has-mobile-collapsedRows-layout hide-in-desktop hide-in-tablet has-vertical-unset\"><div class=\"wp-block-themeisle-blocks-advanced-columns-overlay\"><\/div><div class=\"innerblocks-wrap\">\n<div id=\"wp-block-themeisle-blocks-advanced-column-2d02c291\" class=\"wp-block-themeisle-blocks-advanced-column\">\n<lottie-player trigger=\"none\" id=\"wp-block-themeisle-blocks-lottie-43d773ed\" src=\"https:\/\/colegioeucaristicolaplata.edu.ar\/wp-content\/uploads\/2023\/06\/Morning-1-1.json\" width=\"36%\" class=\"wp-block-themeisle-blocks-lottie aligncenter\" autoplay loop count=\"0\" speed=\"1\" direction=\"1\" data-loop=\"true\" mode=\"normal\"><\/lottie-player>\n<\/div>\n\n\n\n<div id=\"wp-block-themeisle-blocks-advanced-column-34788cee\" class=\"wp-block-themeisle-blocks-advanced-column\">\n<h2 class=\"has-text-align-left has-neve-text-color-color has-text-color wp-block-heading\">Vision<\/h2>\n<\/div>\n<\/div><\/div>\n\n\n\n<p>Trabajamos guiados por lineamientos pastorales<\/p>\n\n\n\n<ul>\n<li>Para crear una <strong>comunidad<\/strong> orientada al <strong>servicio<\/strong>, la <strong>colaboraci\u00f3n<\/strong>, el <strong>compartir<\/strong>, la <strong>solidaridad<\/strong>.<\/li>\n\n\n\n<li>Facilitando una <strong>experiencia de fe<\/strong> en Jes\u00fas, manifestada en su <strong>proyecto de vida<\/strong>, en la vivencia de los <strong>valores cristianos<\/strong>, el cuidado de la <strong>naturaleza<\/strong> y el respeto a la <strong>dignidad humana<\/strong>.<\/li>\n\n\n\n<li>Motivando a los estudiantes a la vivencia de <strong>valores humanos<\/strong> y <strong>cristianos<\/strong>; a la <strong>solidaridad<\/strong> y <strong>compromiso<\/strong> con los m\u00e1s necesitados; al crecimiento en una <strong>libertad responsable<\/strong> que los haga personas disponibles en el servicio.<\/li>\n<\/ul>\n<\/div>\n<\/div><\/section>\n\n\n\n<section id=\"wp-block-themeisle-blocks-advanced-columns-ac3753ad\" class=\"wp-block-themeisle-blocks-advanced-columns alignfull has-1-columns has-desktop-equal-layout has-tablet-collapsedRows-layout has-mobile-collapsedRows-layout has-vertical-top ticss-87bd2846\"><div class=\"wp-block-themeisle-blocks-advanced-columns-overlay\"><\/div><div class=\"innerblocks-wrap\">\n<div id=\"wp-block-themeisle-blocks-advanced-column-a363d66e\" class=\"wp-block-themeisle-blocks-advanced-column\">\n<div id=\"wp-block-themeisle-blocks-advanced-columns-4be3893f\" class=\"wp-block-themeisle-blocks-advanced-columns has-2-columns has-desktop-equal-layout has-tablet-equal-layout hide-in-mobile has-vertical-unset\"><div class=\"wp-block-themeisle-blocks-advanced-columns-overlay\"><\/div><div class=\"innerblocks-wrap\">\n<div id=\"wp-block-themeisle-blocks-advanced-column-94cb9b97\" class=\"wp-block-themeisle-blocks-advanced-column\">\n<lottie-player trigger=\"none\" id=\"wp-block-themeisle-blocks-lottie-4046839e\" src=\"http:\/\/colegioeucaristicolaplata.edu.ar\/wp-content\/uploads\/2023\/04\/WhGSvEawAL.json\" width=\"80%\" class=\"wp-block-themeisle-blocks-lottie aligncenter\" autoplay loop count=\"0\" speed=\"1\" direction=\"1\" data-loop=\"true\" mode=\"normal\"><\/lottie-player>\n<\/div>\n\n\n\n<div id=\"wp-block-themeisle-blocks-advanced-column-a31c4512\" class=\"wp-block-themeisle-blocks-advanced-column\">\n<h2 class=\"has-text-align-left has-neve-text-color-color has-text-color wp-block-heading\">Estilo educativo<\/h2>\n<\/div>\n<\/div><\/div>\n\n\n\n<div id=\"wp-block-themeisle-blocks-advanced-columns-38707f45\" class=\"wp-block-themeisle-blocks-advanced-columns has-2-columns has-mobile-collapsedRows-layout hide-in-desktop hide-in-tablet has-vertical-unset\"><div class=\"wp-block-themeisle-blocks-advanced-columns-overlay\"><\/div><div class=\"innerblocks-wrap\">\n<div id=\"wp-block-themeisle-blocks-advanced-column-e7394e77\" class=\"wp-block-themeisle-blocks-advanced-column\">\n<lottie-player trigger=\"none\" id=\"wp-block-themeisle-blocks-lottie-7ce9f5f7\" src=\"http:\/\/colegioeucaristicolaplata.edu.ar\/wp-content\/uploads\/2023\/04\/WhGSvEawAL.json\" width=\"32%\" class=\"wp-block-themeisle-blocks-lottie aligncenter\" autoplay loop count=\"0\" speed=\"1\" direction=\"1\" data-loop=\"true\" mode=\"normal\"><\/lottie-player>\n<\/div>\n\n\n\n<div id=\"wp-block-themeisle-blocks-advanced-column-f7a15a70\" class=\"wp-block-themeisle-blocks-advanced-column\">\n<h2 class=\"has-text-align-center has-neve-text-color-color has-text-color wp-block-heading\">Estilo educativo<\/h2>\n<\/div>\n<\/div><\/div>\n\n\n\n<p>Est\u00e1 caracterizado por:<\/p>\n\n\n\n<ul>\n<li>Un <strong>clima educativo cristiano<\/strong>, impregnado de valores evang\u00e9licos: libertad, sencillez, cercan\u00eda, amor universal y solidario, justicia y paz.<\/li>\n\n\n\n<li>Un enfoque <strong>positivo<\/strong> de la educaci\u00f3n, basado en el <strong>amor<\/strong>, que construye y estimula, da <strong>confianza<\/strong>, <strong>respeto<\/strong> y <strong>afecto<\/strong>.<\/li>\n\n\n\n<li>Una pedagog\u00eda centrada en la persona y en sus circunstancias destacando la <strong>comunicaci\u00f3n interpersonal<\/strong>, el <strong>trato vivencial<\/strong> y el <strong>acompa\u00f1amiento personal<\/strong>.<\/li>\n\n\n\n<li>Una actitud comunitaria que favorezca la participaci\u00f3n y el <strong>trabajo en equipo<\/strong>.<\/li>\n\n\n\n<li>Un enfoque pedag\u00f3gico, que favorece la formaci\u00f3n de personas <strong>\u00edntegras<\/strong>, acent\u00faa la <strong>dimensi\u00f3n social<\/strong> de la ense\u00f1anza-aprendizaje y contribuye al crecimiento de la <strong>reflexi\u00f3n<\/strong>, de la <strong>conciencia cr\u00edtica<\/strong> y de la <strong>pr\u00e1ctica solidaria<\/strong>.<\/li>\n\n\n\n<li>Una actitud constante de <strong>discernimiento<\/strong> como modo de proceder.<\/li>\n\n\n\n<li>Una preparaci\u00f3n con <strong>responsabilidad<\/strong> para desempe\u00f1ar bien la misi\u00f3n siguiendo el <strong>carisma de la Madre C\u00e1ndida<\/strong> en la vivencia del d\u00eda a d\u00eda.<\/li>\n<\/ul>\n<\/div>\n<\/div><\/section>\n","protected":false},"excerpt":{"rendered":"","protected":false},"author":1,"featured_media":0,"parent":0,"menu_order":0,"comment_status":"closed","ping_status":"closed","template":"","meta":{"_eb_attr":"","neve_meta_sidebar":"","neve_meta_container":"","neve_meta_enable_content_width":"","neve_meta_content_width":0,"neve_meta_title_alignment":"","neve_meta_author_avatar":"","neve_post_elements_order":"","neve_meta_disable_header":"","neve_meta_disable_footer":"","neve_meta_disable_title":"","neve_meta_reading_time":"","_themeisle_gutenberg_block_has_review":false,"_ti_tpc_template_sync":false,"_ti_tpc_template_id":""},"_links":{"self":[{"href":"https:\/\/colegioeucaristicolaplata.edu.ar\/index.php\/wp-json\/wp\/v2\/pages\/486"}],"collection":[{"href":"https:\/\/colegioeucaristicolaplata.edu.ar\/index.php\/wp-json\/wp\/v2\/pages"}],"about":[{"href":"https:\/\/colegioeucaristicolaplata.edu.ar\/index.php\/wp-json\/wp\/v2\/types\/page"}],"author":[{"embeddable":true,"href":"https:\/\/colegioeucaristicolaplata.edu.ar\/index.php\/wp-json\/wp\/v2\/users\/1"}],"replies":[{"embeddable":true,"href":"https:\/\/colegioeucaristicolaplata.edu.ar\/index.php\/wp-json\/wp\/v2\/comments?post=486"}],"version-history":[{"count":57,"href":"https:\/\/colegioeucaristicolaplata.edu.ar\/index.php\/wp-json\/wp\/v2\/pages\/486\/revisions"}],"predecessor-version":[{"id":1812,"href":"https:\/\/colegioeucaristicolaplata.edu.ar\/index.php\/wp-json\/wp\/v2\/pages\/486\/revisions\/1812"}],"wp:attachment":[{"href":"https:\/\/colegioeucaristicolaplata.edu.ar\/index.php\/wp-json\/wp\/v2\/media?parent=486"}],"curies":[{"name":"wp","href":"https:\/\/api.w.org\/{rel}","templated":true}]}}