{"id":1145,"date":"2023-03-20T18:44:26","date_gmt":"2023-03-20T21:44:26","guid":{"rendered":"https:\/\/colegioeucaristicolaplata.edu.ar\/?page_id=1145"},"modified":"2023-09-23T21:10:55","modified_gmt":"2023-09-24T00:10:55","slug":"nivel-secundario","status":"publish","type":"page","link":"https:\/\/colegioeucaristicolaplata.edu.ar\/index.php\/nivel-secundario\/","title":{"rendered":"Proyecto Educativo &#8211; Nivel Secundario"},"content":{"rendered":"\n<section id=\"wp-block-themeisle-blocks-advanced-columns-81c1ee60\" class=\"wp-block-themeisle-blocks-advanced-columns alignfull has-1-columns has-desktop-equal-layout has-tablet-equal-layout has-mobile-equal-layout has-vertical-top ticss-f3836e0a\"><div class=\"wp-block-themeisle-blocks-advanced-columns-overlay\"><\/div><div class=\"innerblocks-wrap\">\n<div id=\"wp-block-themeisle-blocks-advanced-column-cb97ed29\" class=\"wp-block-themeisle-blocks-advanced-column\">\n<div id=\"wp-block-themeisle-blocks-accordion-01acbaf7\" class=\"wp-block-themeisle-blocks-accordion exclusive is-wide-gap\">\n<details open class=\"wp-block-themeisle-blocks-accordion-item\"><summary class=\"wp-block-themeisle-blocks-accordion-item__title\"><div><strong>Propuesta educativa<\/strong><\/div><\/summary><div class=\"wp-block-themeisle-blocks-accordion-item__content\">\n<p>El Nivel Secundario comprende una formaci\u00f3n de car\u00e1cter com\u00fan de tres a\u00f1os (Ciclo B\u00e1sico) y otros tres a\u00f1os de formaci\u00f3n orientada (Ciclo Superior) que responde a la modalidad en Ciencias Sociales.<\/p>\n\n\n\n<p>En nuestro estilo educativo profundizamos y colaboramos en el desarrollo de la \u201centera persona\u201d desde una \u00f3ptica cristiana, mediante un proceso de personalizaci\u00f3n que hace s\u00edntesis de su doble dimensi\u00f3n, individual y social, y favorece su crecimiento en todos los aspectos.<\/p>\n\n\n\n<p>Objetivos del Nivel:<\/p>\n\n\n\n<ul>\n<li>Formar j\u00f3venes que adopten una concepci\u00f3n cristiana de la persona, la vida y el mundo, concibiendo la Fe como una opci\u00f3n personal, libre y consciente, vivida en comunidad y proyectada hacia la sociedad.<\/li>\n\n\n\n<li>Acompa\u00f1ar la construcci\u00f3n del proyecto de vida desde una opci\u00f3n vocacional y orientaci\u00f3n profesional, desde el carisma, en adhesi\u00f3n al Proyecto de Jes\u00fas.<\/li>\n\n\n\n<li>Fortalecer el ejercicio de la ciudadan\u00eda comprometi\u00e9ndose con los derechos y la dignidad del pr\u00f3jimo buscando siempre el bien com\u00fan.<\/li>\n\n\n\n<li>Desarrollar un pensamiento reflexivo y cr\u00edtico frente a las distintas \u00e1reas del saber, logrando as\u00ed ser educadores de s\u00ed mismos y protagonistas en el proceso del aprendizaje.<\/li>\n\n\n\n<li>Adquirir o profundizar saberes y competencias para la continuidad de estudios superiores e inserci\u00f3n laboral.<\/li>\n<\/ul>\n<\/div><\/details>\n\n\n\n<details class=\"wp-block-themeisle-blocks-accordion-item\"><summary class=\"wp-block-themeisle-blocks-accordion-item__title\"><div><strong>Talleres Extra-Curriculares<\/strong><\/div><\/summary><div class=\"wp-block-themeisle-blocks-accordion-item__content\">\n<p><strong>1) Taller de Cultura Adolescente<\/strong><\/p>\n\n\n\n<p><strong>2) Taller de Lenguajes Contables &#8211; Econom\u00eda.<\/strong><\/p>\n\n\n\n<p><strong>3) Taller de Investigaci\u00f3n en Lengua Extranjera (Franc\u00e9s)<\/strong><\/p>\n\n\n\n<p><strong>4) Taller Cient\u00edfico<\/strong><\/p>\n\n\n\n<p><strong>5) Taller de Orientaci\u00f3n Vocacional<\/strong><\/p>\n<\/div><\/details>\n\n\n\n<details class=\"wp-block-themeisle-blocks-accordion-item\"><summary class=\"wp-block-themeisle-blocks-accordion-item__title\"><div><strong>Proyectos Institucionales<\/strong><\/div><\/summary><div class=\"wp-block-themeisle-blocks-accordion-item__content\">\n<p><strong>1) Proyecto de Educaci\u00f3n Sexual Integral<\/strong><\/p>\n\n\n\n<p>Entendemos a la Educaci\u00f3n Sexual Integral como una propuesta curricular con perspectiva transversal; una manera de concebir la sexualidad como parte constitutiva de todo sujeto y no como aspecto aislado de la vida reductible exclusivamente a los genitales o a las funciones reproductivas.<\/p>\n\n\n\n<p><strong>Algunos prop\u00f3sitos son:<\/strong><\/p>\n\n\n\n<ul>\n<li>Adquirir actitudes cr\u00edticas, flexibles y creativas para comprender y evaluar los problemas de la sociedad actual.<\/li>\n\n\n\n<li>Favorecer la construcci\u00f3n de una ciudadan\u00eda cr\u00edtica, participativa, responsable, comprometida con pr\u00e1cticas y valores que promuevan la igualdad, la solidaridad, la responsabilidad, la justicia y el respeto de los derechos propios y de los otros.<\/li>\n\n\n\n<li>Desarrollar una actitud comprometida con el cuidado de s\u00ed mismo y de los otros, haciendo principal hincapi\u00e9 en los aspectos vinculados con la constituci\u00f3n de la sexualidad y las relaciones igualitarias, respetuosas y responsables.<\/li>\n\n\n\n<li>Despertar el inter\u00e9s y la reflexi\u00f3n cr\u00edtica sobre la preservaci\u00f3n y cuidado de la vida, en los aspectos vinculados con la sexualidad, la salud sexual y la salud reproductiva, desde un enfoque cient\u00edfico iluminado por los valores cristianos y la fe, atentos a nuestro Carisma.<\/li>\n\n\n\n<li>Abordar la sexualidad humana a partir de su v\u00ednculo con la afectividad y los diferentes sistemas de valores y creencias.<\/li>\n<\/ul>\n\n\n\n<p><strong>Los lineamientos curriculares se trabajan desde diversas asignaturas, como:<\/strong><\/p>\n\n\n\n<ul>\n<li>Ciencias Naturales y Biolog\u00eda<\/li>\n\n\n\n<li>Ciencias Sociales, Geograf\u00eda e Historia.<\/li>\n\n\n\n<li>Construcci\u00f3n de la Ciudadan\u00eda.<\/li>\n\n\n\n<li>Pr\u00e1cticas del lenguaje.<\/li>\n\n\n\n<li>Formaci\u00f3n Religiosa.<\/li>\n\n\n\n<li>Educaci\u00f3n art\u00edstica.<\/li>\n\n\n\n<li>Taller de Cultura Adolescente.<\/li>\n<\/ul>\n\n\n\n<p>A lo largo del Nivel secundario se realizan <strong>charlas y talleres para estudiantes<\/strong>, con profesionales en salud y docentes capacitados, junto con el Equipo de Orientaci\u00f3n Escolar. Algunas de las realizadas son:<\/p>\n\n\n\n<ul>\n<li>Salud reproductiva y m\u00e9todos anticonceptivos.<\/li>\n\n\n\n<li>Nutrici\u00f3n y h\u00e1bitos saludables.<\/li>\n\n\n\n<li>Alcohol, tabaco, y otras sustancias, consumo desmedido y consecuencias sociales.<\/li>\n\n\n\n<li>Identidad Digital.<\/li>\n\n\n\n<li>Ciberbullying. la importancia del buen uso de las redes sociales.<\/li>\n\n\n\n<li>RCP: la prevenci\u00f3n para el cuidado de la vida<\/li>\n\n\n\n<li>Taller de resoluci\u00f3n de conflictos.<\/li>\n\n\n\n<li>Taller sobre sexualidad y afectividad.<\/li>\n\n\n\n<li>Taller de Mediaci\u00f3n.<\/li>\n<\/ul>\n\n\n\n<p>Tambi\u00e9n trabajamos en din\u00e1micas con <strong>\u201cTalleres con familias\u201d.<\/strong><\/p>\n\n\n\n<ul>\n<li>Taller de vinculaci\u00f3n para Padres de 1er A\u00f1o E.S. con el objetivo de propiciar el espacio para que las familias se conozcan, pongan en com\u00fan las expectativas generadas para el comienzo de una nueva etapa.&nbsp;<\/li>\n\n\n\n<li>Taller sobre uso de redes sociales y convivencia digital.<\/li>\n<\/ul>\n\n\n\n<p><strong>2) Proyecto de Acci\u00f3n Tutorial<\/strong><\/p>\n\n\n\n<p>La Instituci\u00f3n cuenta con un espacio de Docentes Tutores de cada curso del Nivel, con el que se trabaja de manera conjunta acompa\u00f1ando la diversidad de estudiantes, su forma de aprender y vincularse. Guiados por el Equipo de Orientaci\u00f3n Escolar, se encuentran en di\u00e1logo constante con Familias y Docentes, siendo el nexo. Atendiendo tambi\u00e9n a diferentes necesidades del curso.<\/p>\n\n\n\n<p>Adem\u00e1s, motivan y gu\u00edan el compromiso de solidaridad desde la misi\u00f3n educativa, que tiene como objetivos:<\/p>\n\n\n\n<ul>\n<li>Crear un clima educativo cristiano, impregnado de valores evang\u00e9licos: libertad, sencillez, cercan\u00eda, amor universal y solidario, justicia y paz.<\/li>\n\n\n\n<li>Favorecer actitudes comunitarias que favorezcan la participaci\u00f3n y el trabajo en equipo.<\/li>\n\n\n\n<li>Promover experiencias de contactos con ambientes necesitados y marginados, para aprender a darse y aprender del otro, contribuyendo a la transformaci\u00f3n de la sociedad actual.<\/li>\n<\/ul>\n\n\n\n<p>Estos objetivos se pueden ver concretados en el trabajo diario dentro del aula, y en Convivencias en el Campo de Deportes o Casas de Retiro, Jornadas de integraci\u00f3n entre los cursos de todo el Nivel, Jornadas Solidarias, donde se concretan proyectos en alianzas con otras organizaciones (instituciones, ONG\u00b4s, etc).<\/p>\n<\/div><\/details>\n<\/div>\n<\/div>\n<\/div><\/section>\n","protected":false},"excerpt":{"rendered":"","protected":false},"author":1,"featured_media":0,"parent":0,"menu_order":0,"comment_status":"closed","ping_status":"closed","template":"","meta":{"_eb_attr":"","neve_meta_sidebar":"","neve_meta_container":"","neve_meta_enable_content_width":"","neve_meta_content_width":0,"neve_meta_title_alignment":"","neve_meta_author_avatar":"","neve_post_elements_order":"","neve_meta_disable_header":"","neve_meta_disable_footer":"","neve_meta_disable_title":"","neve_meta_reading_time":"","_themeisle_gutenberg_block_has_review":false,"_ti_tpc_template_sync":false,"_ti_tpc_template_id":""},"_links":{"self":[{"href":"https:\/\/colegioeucaristicolaplata.edu.ar\/index.php\/wp-json\/wp\/v2\/pages\/1145"}],"collection":[{"href":"https:\/\/colegioeucaristicolaplata.edu.ar\/index.php\/wp-json\/wp\/v2\/pages"}],"about":[{"href":"https:\/\/colegioeucaristicolaplata.edu.ar\/index.php\/wp-json\/wp\/v2\/types\/page"}],"author":[{"embeddable":true,"href":"https:\/\/colegioeucaristicolaplata.edu.ar\/index.php\/wp-json\/wp\/v2\/users\/1"}],"replies":[{"embeddable":true,"href":"https:\/\/colegioeucaristicolaplata.edu.ar\/index.php\/wp-json\/wp\/v2\/comments?post=1145"}],"version-history":[{"count":7,"href":"https:\/\/colegioeucaristicolaplata.edu.ar\/index.php\/wp-json\/wp\/v2\/pages\/1145\/revisions"}],"predecessor-version":[{"id":1914,"href":"https:\/\/colegioeucaristicolaplata.edu.ar\/index.php\/wp-json\/wp\/v2\/pages\/1145\/revisions\/1914"}],"wp:attachment":[{"href":"https:\/\/colegioeucaristicolaplata.edu.ar\/index.php\/wp-json\/wp\/v2\/media?parent=1145"}],"curies":[{"name":"wp","href":"https:\/\/api.w.org\/{rel}","templated":true}]}}